{"id":1778,"date":"2022-09-21T10:25:53","date_gmt":"2022-09-21T08:25:53","guid":{"rendered":"http:\/\/www.windwood-und-co.de\/wordpress\/?page_id=1778"},"modified":"2026-02-03T11:50:41","modified_gmt":"2026-02-03T10:50:41","slug":"aktuell-2","status":"publish","type":"page","link":"https:\/\/www.windwood-und-co.de\/wordpress\/?page_id=1778","title":{"rendered":"Aktuell"},"content":{"rendered":"\n<h2 class=\"wp-block-heading has-text-align-center\">Alles auf Anfang<\/h2>\n\n\n\n<p class=\"has-text-align-center\"><strong>Ein Gottesdienst zur Jahreslousng mit Musik, Humor <\/strong><br><strong>und einer Botschaft voller Mut und Hoffnung <\/strong><\/p>\n\n\n<div class=\"wp-block-image\">\n<figure class=\"aligncenter size-medium\"><img loading=\"lazy\" decoding=\"async\" width=\"300\" height=\"225\" src=\"https:\/\/www.windwood-und-co.de\/wordpress\/wp-content\/uploads\/2026\/02\/IMG_20260201_095808-300x225.jpg\" alt=\"\" class=\"wp-image-1981\" srcset=\"https:\/\/www.windwood-und-co.de\/wordpress\/wp-content\/uploads\/2026\/02\/IMG_20260201_095808-300x225.jpg 300w, https:\/\/www.windwood-und-co.de\/wordpress\/wp-content\/uploads\/2026\/02\/IMG_20260201_095808-1024x768.jpg 1024w, https:\/\/www.windwood-und-co.de\/wordpress\/wp-content\/uploads\/2026\/02\/IMG_20260201_095808-768x576.jpg 768w, https:\/\/www.windwood-und-co.de\/wordpress\/wp-content\/uploads\/2026\/02\/IMG_20260201_095808-1536x1152.jpg 1536w, https:\/\/www.windwood-und-co.de\/wordpress\/wp-content\/uploads\/2026\/02\/IMG_20260201_095808-2048x1536.jpg 2048w\" sizes=\"auto, (max-width: 300px) 100vw, 300px\" \/><\/figure>\n<\/div>\n\n\n<hr class=\"wp-block-separator has-alpha-channel-opacity\"\/>\n\n\n\n<h2 class=\"wp-block-heading has-text-align-center\">Pr\u00fcft alles und behaltet das Gute (1.Thess. 5,21)<\/h2>\n\n\n\n<p class=\"has-text-align-center\"><strong>Ein kurzweiliger Gottesdienst mit vielf\u00e4ltiger Musik<\/strong> <strong>und Gedanken zur Jahreslosung <\/strong><\/p>\n\n\n<div class=\"wp-block-image\">\n<figure class=\"aligncenter size-large is-resized\"><img loading=\"lazy\" decoding=\"async\" width=\"1024\" height=\"683\" src=\"http:\/\/www.windwood-und-co.de\/wordpress\/wp-content\/uploads\/2021\/08\/Multi-Instrumentalisten-2021-1024x683.jpg\" alt=\"\" class=\"wp-image-1553\" style=\"width:256px;height:171px\" srcset=\"https:\/\/www.windwood-und-co.de\/wordpress\/wp-content\/uploads\/2021\/08\/Multi-Instrumentalisten-2021-1024x683.jpg 1024w, https:\/\/www.windwood-und-co.de\/wordpress\/wp-content\/uploads\/2021\/08\/Multi-Instrumentalisten-2021-300x200.jpg 300w, https:\/\/www.windwood-und-co.de\/wordpress\/wp-content\/uploads\/2021\/08\/Multi-Instrumentalisten-2021-768x512.jpg 768w, https:\/\/www.windwood-und-co.de\/wordpress\/wp-content\/uploads\/2021\/08\/Multi-Instrumentalisten-2021-1536x1024.jpg 1536w, https:\/\/www.windwood-und-co.de\/wordpress\/wp-content\/uploads\/2021\/08\/Multi-Instrumentalisten-2021-2048x1365.jpg 2048w\" sizes=\"auto, (max-width: 1024px) 100vw, 1024px\" \/><\/figure>\n<\/div>\n\n\n<p class=\"has-text-align-center has-medium-font-size\">Ein kurzer Satz, geschrieben von einem der bedeutendsten Theologen der christlichen Geschichte. Auch 2025 werden wir, Vanessa Feilen und Andreas Schuss, wieder mit unserem Konzertgottesdienst zur Jahreslosung die deutschen Kirchen bereisen und mit ihrer Mischung aus Folkmusik, Poetry Slam und christlicher Botschaft ihre Gedanken zur Jahreslosung unters Volk bringen. <\/p>\n\n\n\n<p>[ <a href=\"https:\/\/www.windwood-und-co.de\/wordpress\/?p=1939\" data-type=\"post\" data-id=\"1939\">mehr Infos ]<\/a><\/p>\n\n\n\n<div style=\"height:100px\" aria-hidden=\"true\" class=\"wp-block-spacer\"><\/div>\n\n\n\n<h2 class=\"wp-block-heading has-text-align-center\">Und das alles nur aus Liebe<\/h2>\n\n\n<div class=\"wp-block-image\">\n<figure class=\"aligncenter size-medium\"><img loading=\"lazy\" decoding=\"async\" width=\"300\" height=\"300\" src=\"https:\/\/www.windwood-und-co.de\/wordpress\/wp-content\/uploads\/2023\/11\/Jahreslosung2024-300x300.png\" alt=\"\" class=\"wp-image-1854\" srcset=\"https:\/\/www.windwood-und-co.de\/wordpress\/wp-content\/uploads\/2023\/11\/Jahreslosung2024-300x300.png 300w, https:\/\/www.windwood-und-co.de\/wordpress\/wp-content\/uploads\/2023\/11\/Jahreslosung2024-1024x1024.png 1024w, https:\/\/www.windwood-und-co.de\/wordpress\/wp-content\/uploads\/2023\/11\/Jahreslosung2024-150x150.png 150w, https:\/\/www.windwood-und-co.de\/wordpress\/wp-content\/uploads\/2023\/11\/Jahreslosung2024-768x768.png 768w, https:\/\/www.windwood-und-co.de\/wordpress\/wp-content\/uploads\/2023\/11\/Jahreslosung2024-676x676.png 676w, https:\/\/www.windwood-und-co.de\/wordpress\/wp-content\/uploads\/2023\/11\/Jahreslosung2024.png 1080w\" sizes=\"auto, (max-width: 300px) 100vw, 300px\" \/><\/figure>\n<\/div>\n\n\n<h3 class=\"wp-block-heading has-text-align-center\">ein Gottesdienst mit Musik, Humor und Poesie zur Jahreslosung 2024<\/h3>\n\n\n\n<p class=\"has-text-align-center\">basierend auf der Jahreslosung 2024 \u2013 \u201eAlles, was ihr tut, geschehe in Liebe\u201c (1. Kor. 14 V.16)<\/p>\n\n\n\n<p>Bereits zum 14. Mal pr\u00e4sentieren wir ein abwechslungsreiches Gottesdienstprogramm zur Jahreslosung. Dazu mischen wir bekannte geistliche Lieder mit groovender Weltmusik und einer Prise Gospel.<br>Die vielf\u00e4ltige Musik verbinden wir mit humorvoller Bibelerz\u00e4hlung und zeitgem\u00e4\u00dfer christlicher Botschaft.<\/p>\n\n\n\n<p>F\u00fcr das Jahreslosungsprogramm 2024 haben wir eine unserer Lieblingsgeschichten in eine gef\u00fchlvolle musikalische Lovestory verwandelt, die vom Teenager bis zu Opa und Oma jeden begeistert und in seinen Bann zieht.<br>\u201cUnd alles nur aus Liebe\u201c erz\u00e4hlt die Geschichte der schwierigen Beziehung zwischen der moabitischen Migrantin Rut und dem eigenwilligen Gutsbesitzer Boas, die allen Widrigkeiten und Intrigen zum Trotz miteinander die gro\u00dfe Liebe finden.<br>Doch die Geschichte ist weit mehr als eine Lovestory mit Happy End. Aufmerksam Zuh\u00f6rende werden entdecken, wie sehr die alte Geschichte ihre Botschaft bis in die heutige Zeit sendet und wieso Rut und Boas gerade f\u00fcr die christliche Theologie so bedeutsam sind.<\/p>\n\n\n\n<p>Das Programm eignet sich hervorragend als besonderes Gottesdienstangebot f\u00fcr Gemeinden aller Art. Es kann von Vanessa Feilen und Andreas Schuss autark durchgef\u00fchrt werden, da ein Verk\u00fcndigungsteil in die Textpassagen integriert ist. Die K\u00fcnstler sind dankbar, wenn die Begr\u00fc\u00dfung sowie Vater Unser und Segen von Pfarrer\/in oder Gemeindegliedern \u00fcbernommen<br>werden.<\/p>\n\n\n\n<p><br>F\u00fcr weitere Informationen stehen wir gerne zur Verf\u00fcgung.<\/p>\n\n\n\n<div style=\"height:100px\" aria-hidden=\"true\" class=\"wp-block-spacer\"><\/div>\n\n\n\n<h2 class=\"wp-block-heading\"><strong>Stell mich ins Licht \u2013 ein musikalischer Gottesdienst zur Jahreslosung 2023<\/strong><\/h2>\n\n\n\n<p>Wie in jedem Jahr bieten wir auch 2023 ein Programm zur aktuellen Jahreslosung an. \u201eDu bist ein Gott, der mich sieht\u201c (Genesis 16, Vers 13) &#8211; hierauf aufbauend erz\u00e4hlt das Programm von Menschen, die durch die Begegnung mit Jesus ins Licht der \u00d6ffentlichkeit ger\u00fcckt sind und von denen wir heute im neuen Testament lesen. Es geht Andreas, der sich f\u00fcr die Texte verantwortlich zeichnet, weniger um die \u00f6ffentliche Bekanntheit seiner Protagonisten und Protagonistinnen, sondern mehr um die Ver\u00e4nderung, die Menschen erleben, wenn sie sich von Gott gesehen und angenommen f\u00fchlen. Diese Menschen, die im Licht Gottes strahlen, werden selbst zu Leuchtfeuern in einer sich verdunkelnden Welt.<\/p>\n\n\n\n<p>Die Begebenheiten, die Andreas in seinem Programm erz\u00e4hlt, strahlen denn auch Hoffnung und positive Energie aus, was durch die schwungvollen Musikst\u00fccke verst\u00e4rkt wird, die die Textpassagen gliedern. W\u00e4hrend in fr\u00fcheren Jahren eher ruhigere Melodien unsere Musik pr\u00e4gten, erleben die Zuh\u00f6rer:innen heute einen stilvollen Mix aus Klezmer, Gospel, mediterranem Folk und poppiger Lobpreismusik, der alle Altersgruppen anspricht.<\/p>\n\n\n\n<p>Hier zeigt sich die St\u00e4rke von Multi-Instrumentalistin Vanessa, die auf acht verschiedenen Instrumenten (Saxophon, Klarinette, Querfl\u00f6te, Viola, Kontrabass, Mandola, Keyboards, Schlagzeug\/Percussion) f\u00fcr enorme Klangvielfalt sorgt.<\/p>\n\n\n\n<p>Das Programm eignet sich hervorragend als besonderes Gottesdienstangebot f\u00fcr Gemeinden aller Art. Es kann von uns auch autark durchgef\u00fchrt werden, da ein Verk\u00fcndigungsteil in die Textpassagen integriert ist. Wir sind dankbar, wenn die Begr\u00fc\u00dfung sowie Vater Unser und Segen von Pfarrer\/in oder Gemeindegliedern \u00fcbernommen werden.<\/p>\n","protected":false},"excerpt":{"rendered":"<p>Alles auf Anfang Ein Gottesdienst zur Jahreslousng mit Musik, Humor und einer Botschaft voller Mut und Hoffnung Pr\u00fcft alles und behaltet das Gute (1.Thess. 5,21) Ein kurzweiliger Gottesdienst mit vielf\u00e4ltiger Musik und Gedanken zur Jahreslosung Ein kurzer Satz, geschrieben von einem der bedeutendsten Theologen der christlichen Geschichte. Auch 2025 werden<\/p>\n","protected":false},"author":1,"featured_media":0,"parent":0,"menu_order":0,"comment_status":"closed","ping_status":"closed","template":"","meta":{"footnotes":""},"class_list":["post-1778","page","type-page","status-publish","hentry"],"_links":{"self":[{"href":"https:\/\/www.windwood-und-co.de\/wordpress\/index.php?rest_route=\/wp\/v2\/pages\/1778","targetHints":{"allow":["GET"]}}],"collection":[{"href":"https:\/\/www.windwood-und-co.de\/wordpress\/index.php?rest_route=\/wp\/v2\/pages"}],"about":[{"href":"https:\/\/www.windwood-und-co.de\/wordpress\/index.php?rest_route=\/wp\/v2\/types\/page"}],"author":[{"embeddable":true,"href":"https:\/\/www.windwood-und-co.de\/wordpress\/index.php?rest_route=\/wp\/v2\/users\/1"}],"replies":[{"embeddable":true,"href":"https:\/\/www.windwood-und-co.de\/wordpress\/index.php?rest_route=%2Fwp%2Fv2%2Fcomments&post=1778"}],"version-history":[{"count":7,"href":"https:\/\/www.windwood-und-co.de\/wordpress\/index.php?rest_route=\/wp\/v2\/pages\/1778\/revisions"}],"predecessor-version":[{"id":1982,"href":"https:\/\/www.windwood-und-co.de\/wordpress\/index.php?rest_route=\/wp\/v2\/pages\/1778\/revisions\/1982"}],"wp:attachment":[{"href":"https:\/\/www.windwood-und-co.de\/wordpress\/index.php?rest_route=%2Fwp%2Fv2%2Fmedia&parent=1778"}],"curies":[{"name":"wp","href":"https:\/\/api.w.org\/{rel}","templated":true}]}}

<h2 class="wp-block-heading has-text-align-center">Alles auf Anfang</h2>



<p class="has-text-align-center"><strong>Ein Gottesdienst zur Jahreslousng mit Musik, Humor </strong><br><strong>und einer Botschaft voller Mut und Hoffnung </strong></p>


<div class="wp-block-image">
<figure class="aligncenter size-medium"><img loading="lazy" decoding="async" width="300" height="225" src="https://www.windwood-und-co.de/wordpress/wp-content/uploads/2026/02/IMG_20260201_095808-300x225.jpg" alt="" class="wp-image-1981" srcset="https://www.windwood-und-co.de/wordpress/wp-content/uploads/2026/02/IMG_20260201_095808-300x225.jpg 300w, https://www.windwood-und-co.de/wordpress/wp-content/uploads/2026/02/IMG_20260201_095808-1024x768.jpg 1024w, https://www.windwood-und-co.de/wordpress/wp-content/uploads/2026/02/IMG_20260201_095808-768x576.jpg 768w, https://www.windwood-und-co.de/wordpress/wp-content/uploads/2026/02/IMG_20260201_095808-1536x1152.jpg 1536w, https://www.windwood-und-co.de/wordpress/wp-content/uploads/2026/02/IMG_20260201_095808-2048x1536.jpg 2048w" sizes="auto, (max-width: 300px) 100vw, 300px" /></figure>
</div>


<hr class="wp-block-separator has-alpha-channel-opacity"/>



<h2 class="wp-block-heading has-text-align-center">Prüft alles und behaltet das Gute (1.Thess. 5,21)</h2>



<p class="has-text-align-center"><strong>Ein kurzweiliger Gottesdienst mit vielfältiger Musik</strong> <strong>und Gedanken zur Jahreslosung </strong></p>


<div class="wp-block-image">
<figure class="aligncenter size-large is-resized"><img loading="lazy" decoding="async" width="1024" height="683" src="http://www.windwood-und-co.de/wordpress/wp-content/uploads/2021/08/Multi-Instrumentalisten-2021-1024x683.jpg" alt="" class="wp-image-1553" style="width:256px;height:171px" srcset="https://www.windwood-und-co.de/wordpress/wp-content/uploads/2021/08/Multi-Instrumentalisten-2021-1024x683.jpg 1024w, https://www.windwood-und-co.de/wordpress/wp-content/uploads/2021/08/Multi-Instrumentalisten-2021-300x200.jpg 300w, https://www.windwood-und-co.de/wordpress/wp-content/uploads/2021/08/Multi-Instrumentalisten-2021-768x512.jpg 768w, https://www.windwood-und-co.de/wordpress/wp-content/uploads/2021/08/Multi-Instrumentalisten-2021-1536x1024.jpg 1536w, https://www.windwood-und-co.de/wordpress/wp-content/uploads/2021/08/Multi-Instrumentalisten-2021-2048x1365.jpg 2048w" sizes="auto, (max-width: 1024px) 100vw, 1024px" /></figure>
</div>


<p class="has-text-align-center has-medium-font-size">Ein kurzer Satz, geschrieben von einem der bedeutendsten Theologen der christlichen Geschichte. Auch 2025 werden wir, Vanessa Feilen und Andreas Schuss, wieder mit unserem Konzertgottesdienst zur Jahreslosung die deutschen Kirchen bereisen und mit ihrer Mischung aus Folkmusik, Poetry Slam und christlicher Botschaft ihre Gedanken zur Jahreslosung unters Volk bringen. </p>



<p>[ <a href="https://www.windwood-und-co.de/wordpress/?p=1939" data-type="post" data-id="1939">mehr Infos ]</a></p>



<div style="height:100px" aria-hidden="true" class="wp-block-spacer"></div>



<h2 class="wp-block-heading has-text-align-center">Und das alles nur aus Liebe</h2>


<div class="wp-block-image">
<figure class="aligncenter size-medium"><img loading="lazy" decoding="async" width="300" height="300" src="https://www.windwood-und-co.de/wordpress/wp-content/uploads/2023/11/Jahreslosung2024-300x300.png" alt="" class="wp-image-1854" srcset="https://www.windwood-und-co.de/wordpress/wp-content/uploads/2023/11/Jahreslosung2024-300x300.png 300w, https://www.windwood-und-co.de/wordpress/wp-content/uploads/2023/11/Jahreslosung2024-1024x1024.png 1024w, https://www.windwood-und-co.de/wordpress/wp-content/uploads/2023/11/Jahreslosung2024-150x150.png 150w, https://www.windwood-und-co.de/wordpress/wp-content/uploads/2023/11/Jahreslosung2024-768x768.png 768w, https://www.windwood-und-co.de/wordpress/wp-content/uploads/2023/11/Jahreslosung2024-676x676.png 676w, https://www.windwood-und-co.de/wordpress/wp-content/uploads/2023/11/Jahreslosung2024.png 1080w" sizes="auto, (max-width: 300px) 100vw, 300px" /></figure>
</div>


<h3 class="wp-block-heading has-text-align-center">ein Gottesdienst mit Musik, Humor und Poesie zur Jahreslosung 2024</h3>



<p class="has-text-align-center">basierend auf der Jahreslosung 2024 – „Alles, was ihr tut, geschehe in Liebe“ (1. Kor. 14 V.16)</p>



<p>Bereits zum 14. Mal präsentieren wir ein abwechslungsreiches Gottesdienstprogramm zur Jahreslosung. Dazu mischen wir bekannte geistliche Lieder mit groovender Weltmusik und einer Prise Gospel.<br>Die vielfältige Musik verbinden wir mit humorvoller Bibelerzählung und zeitgemäßer christlicher Botschaft.</p>



<p>Für das Jahreslosungsprogramm 2024 haben wir eine unserer Lieblingsgeschichten in eine gefühlvolle musikalische Lovestory verwandelt, die vom Teenager bis zu Opa und Oma jeden begeistert und in seinen Bann zieht.<br>“Und alles nur aus Liebe“ erzählt die Geschichte der schwierigen Beziehung zwischen der moabitischen Migrantin Rut und dem eigenwilligen Gutsbesitzer Boas, die allen Widrigkeiten und Intrigen zum Trotz miteinander die große Liebe finden.<br>Doch die Geschichte ist weit mehr als eine Lovestory mit Happy End. Aufmerksam Zuhörende werden entdecken, wie sehr die alte Geschichte ihre Botschaft bis in die heutige Zeit sendet und wieso Rut und Boas gerade für die christliche Theologie so bedeutsam sind.</p>



<p>Das Programm eignet sich hervorragend als besonderes Gottesdienstangebot für Gemeinden aller Art. Es kann von Vanessa Feilen und Andreas Schuss autark durchgeführt werden, da ein Verkündigungsteil in die Textpassagen integriert ist. Die Künstler sind dankbar, wenn die Begrüßung sowie Vater Unser und Segen von Pfarrer/in oder Gemeindegliedern übernommen<br>werden.</p>



<p><br>Für weitere Informationen stehen wir gerne zur Verfügung.</p>



<div style="height:100px" aria-hidden="true" class="wp-block-spacer"></div>



<h2 class="wp-block-heading"><strong>Stell mich ins Licht – ein musikalischer Gottesdienst zur Jahreslosung 2023</strong></h2>



<p>Wie in jedem Jahr bieten wir auch 2023 ein Programm zur aktuellen Jahreslosung an. „Du bist ein Gott, der mich sieht“ (Genesis 16, Vers 13) &#8211; hierauf aufbauend erzählt das Programm von Menschen, die durch die Begegnung mit Jesus ins Licht der Öffentlichkeit gerückt sind und von denen wir heute im neuen Testament lesen. Es geht Andreas, der sich für die Texte verantwortlich zeichnet, weniger um die öffentliche Bekanntheit seiner Protagonisten und Protagonistinnen, sondern mehr um die Veränderung, die Menschen erleben, wenn sie sich von Gott gesehen und angenommen fühlen. Diese Menschen, die im Licht Gottes strahlen, werden selbst zu Leuchtfeuern in einer sich verdunkelnden Welt.</p>



<p>Die Begebenheiten, die Andreas in seinem Programm erzählt, strahlen denn auch Hoffnung und positive Energie aus, was durch die schwungvollen Musikstücke verstärkt wird, die die Textpassagen gliedern. Während in früheren Jahren eher ruhigere Melodien unsere Musik prägten, erleben die Zuhörer:innen heute einen stilvollen Mix aus Klezmer, Gospel, mediterranem Folk und poppiger Lobpreismusik, der alle Altersgruppen anspricht.</p>



<p>Hier zeigt sich die Stärke von Multi-Instrumentalistin Vanessa, die auf acht verschiedenen Instrumenten (Saxophon, Klarinette, Querflöte, Viola, Kontrabass, Mandola, Keyboards, Schlagzeug/Percussion) für enorme Klangvielfalt sorgt.</p>



<p>Das Programm eignet sich hervorragend als besonderes Gottesdienstangebot für Gemeinden aller Art. Es kann von uns auch autark durchgeführt werden, da ein Verkündigungsteil in die Textpassagen integriert ist. Wir sind dankbar, wenn die Begrüßung sowie Vater Unser und Segen von Pfarrer/in oder Gemeindegliedern übernommen werden.</p>

<p>Alles auf Anfang Ein Gottesdienst zur Jahreslousng mit Musik, Humor und einer Botschaft voller Mut und Hoffnung Prüft alles und behaltet das Gute (1.Thess. 5,21) Ein kurzweiliger Gottesdienst mit vielfältiger Musik und Gedanken zur Jahreslosung Ein kurzer Satz, geschrieben von einem der bedeutendsten Theologen der christlichen Geschichte. Auch 2025 werden</p>
